 q(r) = -r**2 + r - 2. Let j(f) = f**3 + 15*f**2 - f + 10. Let s(k) = -j(k) - 2*q(k). Determine s(-13).
7
Let h = 3 - -5. Let w(a) = a**2 - 7*a + 12. Let y be w(h). Let l be (16/y)/((-2)/10). Let j(x) = -x**2 - 6*x - 1. Determine j(l).
7
Let o(d) = -11*d - 1. Let p(q) = -2*q**2 - 9*q - 1. Let u(n) = -4*o(n) + 5*p(n). What is u(-1)?
-10
Let s(r) = -7*r. Let z(y) = -2*y. Let g(k) = -3*s(k) + 12*z(k). Suppose 0 = 3*h - 3 - 0. What is g(h)?
-3
Let r(z) = 3*z**3 + 16*z**2 + 10*z + z - 5*z**2 + 4 - 14*z. Let g(l) = 2*l**3 + 10*l**2 - 4*l + 5. Let p(t) = 4*g(t) - 3*r(t). What is p(6)?
2
Let q(u) = -u - 3. Let f(c) = 7*c + 25. Let t(r) = -f(r) - 5*q(r). Give t(-5).
0
Let v(o) = -108*o + o**3 + 214*o - 3*o**2 - 113*o + 5. Calculate v(4).
-7
Suppose -3*b - 8 = 1. Let t(p) = 7*p**3 - 9*p**2 - 7*p + 3. Let u(n) = 23*n**3 - 28*n**2 - 22*n + 10. Let q(c) = -13*t(c) + 4*u(c). Calculate q(b).
10
Let l(s) = -2*s**2 - 4*s**3 - 6 + 2 + 3*s**3 - s + 0. Let d(w) = 6*w**3 + 10*w**2 + 6*w + 21. Let r(f) = 2*d(f) + 11*l(f). What is r(2)?
0
Let t(j) = -j - 4. Let q be (-3)/6*(-7 - 1). Let c(v) = v + 5. Let r(f) = q*t(f) + 3*c(f). Let k be r(3). Let d(a) = -a**3 - 3*a**2 + 7*a + 5. Give d(k).
-7
Let t(g) = -2*g + g**2 + 5*g - 2 + 5*g**2 - g - 3*g**3 + 2*g**3. What is t(6)?
10
Let s(o) = -4*o + 357 + 6*o - 177 - 183 - 2*o**2. Give s(3).
-15
Let f(b) = b**2 + 14*b - 17. Let d be (-11)/((-110)/(-50)) - 12. What is f(d)?
34
Suppose 2*f + 8 - 22 = 0. Let q(m) = m**2 - 5*m - 10. Let x be q(f). Let p(i) = i - 8. What is p(x)?
-4
Let k(m) = 14*m + 284. Let r be k(-20). Let c(s) = 2*s**3 - 17*s**2 + 3*s - 8. Let b(i) = i**3 - 9*i**2 + 2*i - 4. Let f(p) = -11*b(p) + 6*c(p). What is f(r)?
-4
Let r(s) = s - 10. Let f be r(13). Suppose -f*u + 8*u = -20. Let k(d) be the second derivative of d**4/12 + 5*d**3/6 - d**2 + 3*d. Determine k(u).
-6
Suppose 4*y = 5*y + 3*a + 4, -3*y + 3*a = -36. Let w(s) = -s**3 + 9*s**2 - 10*s + 11. Give w(y).
-5
Let g be (-1 - (3 + -2))*-2. Let x(l) = 9*l - l**3 - 6*l**2 - 3*l**2 + 4*l**2 - g*l. Give x(-6).
6
Let j = -15 + 18. Let w(y) = -y**3 + 4*y**2 - 4. Let t be w(j). Let s(m) = -m + t*m + 2*m - 3*m. Determine s(-3).
-9
Suppose j - 3 = 5*z - 10, -3*j - 3*z + 15 = 0. Let r(t) = -1234*t + t**j - 2 + 1234*t. Determine r(0).
-2
Suppose -11 = -2*x + 5. Let n(h) = 36 + 37 + 3*h - 16 - 64. Calculate n(x).
17
Suppose 10 = s + 8. Let r(o) = o**2 + 10*o - 11. Let q(m) = -6*m**2 - 51*m + 56. Let d(h) = s*q(h) + 11*r(h). Give d(6).
3
Let j be (-5)/(-7) - 12/(-42). Let f(k) = -2*k + 3*k - 2*k**2 + 2*k**2 + 0*k**2 + 8*k**2. What is f(j)?
9
Let d(g) = 3*g + 16. Suppose 0 = -84*v - 17*v - 707. What is d(v)?
-5
Let g(h) = h**2 - 9*h + 13. Suppose -5 = 4*y - 33. Suppose t = y*t - 54. Calculate g(t).
13
Let j(g) = -1927 - 1923 - 6*g + 3849. Calculate j(-1).
5
Let q(f) = 12 - f**2 - f + 5*f**3 + 2*f**2 - 3*f**2 - 6*f**3. Give q(0).
12
Let t(i) = i**3 - 7*i**2 - 6*i - 6. Suppose 0 = -4*w + u + 29, -5*w - 2*u + 47 = 1. Give t(w).
10
Suppose 4*z = 20*z - 16. Let g(q) be the first derivative of -2 + 1/2*q**2 + 0*q + 2*q**3. What is g(z)?
7
Let p(q) be the first derivative of 1/2*q**2 + 1 - 1/4*q**4 + q - 7/3*q**3. Let n be ((-252)/(-144))/(1/(-4)). Calculate p(n).
-6
Suppose 0*c + 4 = 4*c. Let v be 3 - 0*c/3. Let x(b) = -1 - b - v*b + 6*b. Determine x(1).
1
Let v(s) = s**3 - 7*s**2 + 5*s + 4. Let o = 20 - 16. Calculate v(o).
-24
Let q(w) = 3*w**2 - 20*w - 15. Let b = 1 - -1. Let k(s) = s**2 - 10*s - 8. Let y(r) = b*q(r) - 5*k(r). Calculate y(-9).
1
Let p(s) = s - 3. Let x be (-80)/24*6/4. Let z(i) = i - 3. Let n(c) = x*p(c) + 6*z(c). Calculate n(6).
3
Let s(l) be the second derivative of l**4/6 + 2*l**3/3 - 2*l**2 + 77*l. Determine s(3).
26
Let r(s) = -s**2 - s - 1. Suppose 0 = d + 4*d - 20. Let q(u) = 3*u**2 - 6*u - 4. Let a(t) = d*r(t) + q(t). Determine a(-6).
16
Suppose -k - 4 = k, 74 = -4*r + k. Let m = r - -21. Suppose -16 = -6*l + m*l. Let a(s) = -s**3 + 5*s**2 - 6*s + 3. What is a(l)?
-5
Suppose 0 = 8*t - 11 + 35. Let j(n) = -n**3 + 4*n**2 - 2*n - 4. Give j(t).
65
Let h(r) be the first derivative of -11*r**5/20 + r**4/12 + r**3/6 - 4*r + 5. Let g(j) be the first derivative of h(j). What is g(-1)?
11
Let h be 0 - 1/(-2)*0. Let t = h - -1. Let i(x) = -4*x**2 + x. What is i(t)?
-3
Suppose -10*o - 150 = -60. Let g(u) = 3*u + 11. Determine g(o).
-16
Let l(o) = -7*o + 95 + 98 - 193. What is l(-2)?
14
Let a(x) = -2*x - 16. Let p be a(-7). Let r = 6 + p. Suppose -r*t - z - 27 = 0, 2*t = 4*z - 0*z. Let b(u) = u + 2. Give b(t).
-4
Suppose 11*r - 786 = -709. Let q(w) = -w**2 + 13*w - 6. Suppose -3*h = 2 + 1. Let b(x) = -x. Let g(t) = h*q(t) - 3*b(t). What is g(r)?
-15
Let f(u) = u**3 + 14*u**2 - 17*u - 30. Suppose 65 = -3*q + 4*o, q + 5*o + 35 = -3*q. Determine f(q).
0
Let f(c) be the first derivative of c**3/3 + 2*c**2 - 4*c - 5. Let l = -46 - -51. Suppose t = 4*v + 15, -3*t - 33 = l*v + 7. What is f(t)?
1
Let t = 393 - 397. Let l(u) = -4*u - u + u**2 - 4 - 2*u**2. What is l(t)?
0
Suppose 0 = -41*j + 45*j + 20. Let u(f) = f**2 + 2*f - 6. Determine u(j).
9
Let o = -140 + 142. Let d(z) = -5*z**2 - 2*z - 1. Calculate d(o).
-25
Let k(b) = b**2 - 2*b - 5. Suppose 0 = 5*q - 15, 4*z - 2*q - 58 = 8*z. Let n be -4 + (-132)/z + (-1)/4. Give k(n).
3
Let x(l) = 16 + 7*l + 21 - 17*l + l**2 - 33. Give x(8).
-12
Let q(h) be the first derivative of 5*h + 1/3*h**3 - 5*h**2 - 3. Determine q(4).
-19
Let q(r) = 4*r - 7*r + 5*r + 0*r + 8. Let i(g) = -2*g - 7. Let d(m) = -3*i(m) - 2*q(m). Calculate d(6).
17
Suppose 0 = -7*x + 19*x + 60. Let z(v) be the second derivative of v**3/2 + 7*v**2/2 - v. Determine z(x).
-8
Let o = -237 + 240. Let g(t) = t. Let k(v) = -8*v - 3. Let j(m) = -5*g(m) - k(m). What is j(o)?
12
Let s be 20/8 + (-72)/(-16). Let p(f) = -f**3 + 8*f**2 - 7. What is p(s)?
42
Let w be (8/4 - -4)*2/4. Let b(d) = 3*d**3 + 0*d - d - d**3 - w*d**3 - 7*d**2. Determine b(-7).
7
Let i = -28 - -30. Suppose -43 = -2*u - 5*j, 0 = i*j - 1 - 5. Let p = -20 + u. Let z(k) = 2*k + 8. Calculate z(p).
-4
Suppose 11*s - 14*s = -21. Let z(x) = 0 - 3*x + s - x**2 - 10. Give z(-2).
-1
Let y(j) = -j**3 - 7*j**2 - 1. Let n(l) = -6*l + 52. Let d be n(8). Let z be d/(-18) - 5/(-135)*-183. Determine y(z).
-1
Let x(q) = q + 8. Suppose 23 = 3*g + 23. Suppose -4*w - 24 = i + 3*i, -i - 2*w - 5 = g. Give x(i).
1
Let h(v) = v**2 + 7*v + 6. Suppose -22 = 18*a + 50. Give h(a).
-6
Suppose 38*o = 31*o + 49. Let y(m) = -4*m + 13. What is y(o)?
-15
Let b = 91 - 84. Suppose b - 42 = 5*n. Let j(y) = y**2 + 7*y. Give j(n).
0
Suppose o = 5*u - o - 28, -3*o - 32 = -5*u. Let i(n) = -u*n + 51 - 29 - 23 - n**2. Determine i(-3).
2
Suppose -3*y + 7 - 1 = 0. Let r(w) = -2*w + y*w + 3*w. Suppose -4*p - 23 = 7*t - 2*t, 0 = 3*p - 5*t - 9. What is r(p)?
-6
Let h(r) = -9*r**3 + 7*r**2 - 18*r + 4. Let c(z) = -2*z**3 - 2*z. Let g(p) = 5*c(p) - h(p). Give g(-8).
-4
Let r(v) = -3770*v - 1044. Let w(y) = -29*y - 8. Let z(b) = -2*r(b) + 261*w(b). Calculate z(1).
-29
Let r(b) = b + 9. Let k(i) = 1. Let y(x) = -3*k(x) + r(x). Let t(c) = -c**2 - 8*c - 5. Let f be -9 + (-1)/(-3)*3. Let j be t(f). What is y(j)?
1
Let u(s) = -s**2 - 75*s + 73*s - 4 + 2. Calculate u(-3).
-5
Let i(w) be the first derivative of 4 - 1/4*w**4 + 7*w + 5/2*w**2 + 5/3*w**3. Let f = 2 + 4. Calculate i(f).
1
Let l = 3 - -1. Let a(f) be the second derivative of -1/12*f**4 + 0 + 5/2*f**2 + 1/6*f**3 - 6*f. Determine a(l).
-7
Let l(d) = -3*d**2 - d + 1. Let p be l(1). Let v(s) = 4*s**3 + 5*s**2 + 6*s - 7. Let k(n) = n**3 + n - 1. Let z(b) = -3*k(b) + v(b). Give z(p).
5
Let n(t) = 9*t**2 - 10*t - 14. Let m(l) = 2*l**2 - l - 2. Let j(h) = 5*m(h) - n(h). What is j(-5)?
4
Let k(x) = x - 2. Let i be k(3). Let j(g) be the second derivative of 7*g**5/10 + g**3/3 - g**2/2 + 4*g - 10. Give j(i).
15
Let r(z) = z**3 + 6*z**2 + 4*z - 5. Let v be r(-5). Let s(y) be the second derivative of -y**5/20 + 4*y**2 + 8*y + 2. Give s(v).
8
Let w(q) be the first derivative of -q**3/3 - 2*q**2 + 4*q + 32. Determine w(-5).
-1
Let s(a) = a**2 + 2*a. Let n(m) = -3*m**2 + 3*m + 11. Let v(u) = n(u) + 2*s(u). What is v(8)?
3
Let s(u) be the first derivative of -1 + u**2 + 32*u - 34*u - 2. Give s(3).
4
Let n(f) = -6*f - 2. Let o be 0 + 2 + 4 + -2. Suppose 5*h = o*h - 31. Let k = 33 + h. Determine n(k).
-14
Le